r?
True
Is 3799394561 a prime number?
True
Is 1498181387 prime?
True
Is 964616053 prime?
False
Is 22336553167 prime?
False
Is 1131019613 prime?
True
Is 50457595921 composite?
False
Is 12298385285 prime?
False
Is 5426550821 composite?
False
Is 44632624451 composite?
False
Is 4300407383 prime?
True
Is 58508620553 prime?
False
Is 26705732231 a prime number?
True
Is 594362809 a prime number?
True
Is 18677957959 composite?
False
Is 4085181509 prime?
True
Is 71651207 a composite number?
True
Is 5926137313 prime?
False
Is 11413254953 prime?
True
Is 12824122469 prime?
False
Is 17598278767 prime?
True
Is 22881818639 a composite number?
True
Is 3856828597 composite?
True
Is 6074053871 composite?
False
Is 168992126279 prime?
False
Is 168310085291 a composite number?
False
Is 924854993 prime?
True
Is 87852683 prime?
False
Is 766473119 a prime number?
True
Is 2619782153 a prime number?
True
Is 3408958213 composite?
False
Is 43845801602 composite?
True
Is 18960266093 prime?
True
Is 45763935361 a composite number?
True
Is 18417753791 a composite number?
False
Is 4829404721 composite?
True
Is 70313335 a composite number?
True
Is 22601461 a prime number?
False
Is 94816937 composite?
True
Is 342753583 a composite number?
False
Is 1969108881 a prime number?
False
Is 627184169 a prime number?
True
Is 23675363759 prime?
False
Is 3960396943 a composite number?
False
Is 245289437 composite?
False
Is 247310003 prime?
False
Is 26849905829 a composite number?
True
Is 37011168437 a composite number?
True
Is 867628869 prime?
False
Is 48870146777 prime?
True
Is 6740377051 a composite number?
False
Is 20833012177 a prime number?
False
Is 34480821871 composite?
False
Is 22967755567 a prime number?
False
Is 1818823079 a composite number?
False
Is 82191162941 a prime number?
True
Is 3894427021 prime?
True
Is 1998558043 composite?
False
Is 32928741403 a composite number?
True
Is 42665751155 composite?
True
Is 4743917807 a prime number?
False
Is 6552897229 a prime number?
True
Is 365716501 prime?
False
Is 2453993 a composite number?
True
Is 87635077151 a prime number?
True
Is 24663068191 a composite number?
True
Is 20542550267 composite?
False
Is 1665965993 prime?
False
Is 72614569 a composite number?
False
Is 1516769887 prime?
False
Is 7895648095 composite?
True
Is 3395543537 composite?
False
Is 1397950901 a composite number?
False
Is 255387079 a composite number?
True
Is 5970374083 prime?
False
Is 522276631 prime?
False
Is 57589411343 a prime number?
True
Is 8173677461 prime?
False
Is 130520189 a prime number?
False
Is 1596550441 a prime number?
False
Is 3482649943 composite?
True
Is 374551181 prime?
True
Is 86631334519 a composite number?
False
Is 1232673163 a prime number?
False
Is 14509912027 composite?
True
Is 3141843343 a prime number?
True
Is 4422586463 prime?
True
Is 9218575549 a composite number?
False
Is 359842165 composite?
True
Is 128470864789 a prime number?
True
Is 19780829273 a prime number?
True
Is 1044809 a prime number?
True
Is 241619777 composite?
True
Is 169369041697 prime?
True
Is 2032818699 a composite number?
True
Is 116330818603 composite?
False
Is 143836063843 prime?
False
Is 22605610273 prime?
True
Is 553849501 a prime number?
True
Is 476237161 a composite number?
False
Is 16043296807 a composite number?
False
Is 558480821 prime?
False
Is 1617096011 composite?
True
Is 99178149217 prime?
False
Is 4106956991 a prime number?
True
Is 21736370251 a prime number?
True
Is 13758046139 prime?
False
Is 4585457689 a composite number?
True
Is 1772867513 a prime number?
True
Is 3966667459 a prime number?
True
Is 951386609 prime?
True
Is 19393071133 prime?
False
Is 595928953 a prime number?
True
Is 63786433169 composite?
True
Is 566464397 a composite number?
True
Is 3805326493 a prime number?
False
Is 100880581 composite?
False
Is 1444667729 composite?
False
Is 3798405797 prime?
True
Is 4451946127 prime?
True
Is 602657603 a composite number?
True
Is 331333241 a prime number?
True
Is 24178664129 a prime number?
True
Is 19516434169 a composite number?
True
Is 479576809 prime?
False
Is 700268741 a prime number?
False
Is 34561499107 a composite number?
False
Is 40495263589 a prime number?
False
Is 1285979819 composite?
False
Is 2310270227 a prime number?
True
Is 14655181753 a composite number?
False
Is 62048055689 prime?
True
Is 63576549667 prime?
False
Is 33095522333 a composite number?
True
Is 84670349 a composite number?
False
Is 4879590433 a prime number?
False
Is 3692067767 composite?
False
Is 1036368143 prime?
True
Is 5371706953 a composite number?
True
Is 543739091 a prime number?
False
Is 6607274143 prime?
True
Is 2297565157 a composite number?
False
Is 1815295043 a prime number?
True
Is 2347412293 a prime number?
True
Is 26376916403 composite?
False
Is 232759151 a composite number?
False
Is 19518918049 composite?
False
Is 1596612677 a composite number?
True
Is 5413402307 composite?
False
Is 1486083601 a composite number?
False
Is 90177205849 a prime number?
True
Is 54480220481 a prime number?
True
Is 3209954401 prime?
False
Is 66678626473 prime?
True
Is 3391552133 a prime number?
True
Is 1138895161 a prime number?
False
Is 2843992589 composite?
True
Is 1488573382 prime?
False
Is 6427966981 a prime number?
False
Is 26229204149 a prime number?
True
Is 21059946371 prime?
True
Is 52790721023 a composite number?
False
Is 8922659 composite?
False
Is 14722128517 a composite number?
False
Is 1971016609 prime?
False
Is 88650157 a prime number?
False
Is 171184399 a prime number?
True
Is 73988994611 a composite number?
True
Is 1268781539 composite?
True
Is 586870489 a prime number?
True
Is 288737861395 composite?
True
Is 25677442751 prime?
True
Is 17441929711 composite?
False
Is 101801593537 composite?
True
Is 93610453 a prime number?
True
Is 79279954861 composite?
True
Is 14427882349 composite?
False
Is 1962351637 prime?
True
Is 31187700649 a composite number?
True
Is 4817332849 prime?
False
Is 1498827403 prime?
True
Is 38823072787 composite?
False
Is 2434869103 prime?
True
Is 1209535867 a prime number?
True
Is 999245699 prime?
True
Is 478834931 a composite number?
False
Is 272329421227 composite?
True
Is 2302800499 composite?
False
Is 2628796438 a composite number?
True
Is 751018237 a composite number?
False
Is 771668903 a composite number?
False
Is 1357210637 a composite number?
False
Is 21056736191 a prime number?
True
Is 100136762939 a prime number?
True
Is 1627176823 a composite number?
False
Is 16112046649 prime?
False
Is 531895855 composite?
True
Is 3519220519 a composite number?
False
Is 18675610807 a prime number?
False
Is 284460937 composite?
True
Is 8078293363 prime?
False
Is 46056799 prime?
False
Is 165890993 composite?
True
Is 283574320607 a prime number?
True
Is 85587617 prime?
False
Is 57593396933 a composite number?
False
Is 6810749851 prime?
True
Is 17649581843 a composite number?
True
Is 3815136131 a prime number?
False
Is 84035113189 prime?
False
Is 327496837 prime?
True
Is 5575155211 a composite number?
False
Is 9090369773 a prime number?
False
Is 67579573 prime?
False
Is 5673671189 composite?
False
Is 2169821767 prime?
False
Is 171023219 composite?
False
Is 81838533531 a composite number?
True
Is 2471122106 prime?
False
Is 23656042477 a prime number?
False
Is 14435330677 prime?
False
Is 4351906901 a composite number?
False
Is 282691969 prime?
False
Is 33758863022 prime?
False
Is 8064579071 prime?
True
Is 66163857943 prime?
True
Is 1522608998 prime?
False
Is 44484659807 a composite number?
True
Is 5683577167 composite?
True
Is 1353597599 composite?
False
Is 7123933573 prime?
False
Is 71825170019 composite?
True
Is 3599978527 prime?
True
Is 82936251689 composite?
False
Is 805576631 a prime number?
True
Is 556938019 a prime number?
False
Is 858518197 prime?
True
Is 8561675091 composite?
True
Is 198435527 prime?
True
Is 1357792621 a composite number?
True
Is 27882363017 a composite number?
True
Is 516211039 a prime number?
False
Is 399219469477 a composite number?
False
Is 1925080699 a composite number?
False
Is 385958503 a prime number?
False
Is 59119751 prime?
False
Is 404106613 prime?
True
Is 78467892253 prime?
False
Is 30737682109 prime?
True
Is 10552081899 prime?
False
Is 1573767991 a prime number?
True
Is 378907703 a composite number?
True
Is